e highest common divisor of v and 31.
31
Let a = -3 + 6. Let x be -1 - (2 + -35)/a. Let v = x - 7. Calculate the greatest common factor of v and 21.
3
Suppose -7*x + 2*x - 2*l + 132 = 0, x = 4*l + 22. Let t(q) = 11*q**2 + 2*q + 1. Let n be t(5). Calculate the highest common divisor of x and n.
26
Let k = 28 - 20. What is the highest common factor of 40 and k?
8
Let j be 60*-1*5/(-2). Calculate the greatest common factor of 30 and j.
30
Let h = 4 + 0. Let i(d) = 2*d - 18. Let l be i(10). Calculate the greatest common factor of l and h.
2
Let j = 66 + -16. Let y be (-5)/(j/(-12))*10. What is the greatest common divisor of 18 and y?
6
Suppose 4*i - 35 = 3*i. Suppose 0 = 2*m - 5 - 5. Calculate the greatest common divisor of i and m.
5
Let o = -18 + 30. Suppose 0 = -3*t + 4*n + 23, 4*t - 4*n = -t + 25. Let l be (-13 + t)/((-2)/6). Calculate the greatest common factor of l and o.
12
Let i = -7 - -14. Let r(d) = 3 + 8 - d**2 - i*d + 0*d**2 - 2. Let q be r(-8). What is the highest common factor of 11 and q?
1
Let g be ((-48)/18)/((-1)/3). Let f be 4/g*(30 - 0). What is the highest common factor of f and 5?
5
Let f be (2 + 0 - 22)/(-2). Calculate the highest common factor of 4 and f.
2
Let k(o) = 18*o**3 - 2*o + 1. Let g be k(1). What is the highest common factor of 17 and g?
17
Let l = 12 + 4. Suppose -187 = -5*j - 27. What is the greatest common divisor of l and j?
16
Suppose 0 = 3*t - 12*t + 1107. Calculate the highest common factor of 82 and t.
41
Let r be 10/(-15) + (-4)/3. Let i(w) = -4*w - 2. Let v be i(r). Let p be (-2 + 1)/((-2)/v). Calculate the greatest common factor of 15 and p.
3
Suppose -27 = -3*w - 5*j, 21 + 6 = 3*w - 4*j. Let t = 248 + -167. Calculate the greatest common divisor of w and t.
9
Let h be (-1 - -16)*(-20)/(-6). Suppose -13 = -2*f + 11. Suppose 112 = 5*n + f. What is the highest common divisor of n and h?
10
Let n be (-2)/(-6) - 17/(-3). Suppose 4*v + 2*d - 32 = 0, -5*v + n = 4*d - 31. Calculate the greatest common divisor of 72 and v.
9
Suppose u - 109 = c, 4*u = 2*u - 3*c + 223. What is the highest common factor of u and 10?
10
Let o(c) = -c**2 - 3*c + 3. Let a be o(-5). Let b = a - -11. Suppose 7*w - b*w - 30 = 0. What is the greatest common factor of w and 90?
10
Let l(u) = -5*u**2 - 2*u + 1. Let k be l(-6). Let x = k + 311. Calculate the highest common factor of x and 16.
16
Let o = -9 + 11. Suppose o*i - 6 = 22. Calculate the highest common factor of 35 and i.
7
Suppose j - 6*j = -2*s - 7, -2*s - 2*j + 28 = 0. What is the highest common factor of 63 and s?
9
Suppose -20 = -4*w + 4*u - 0, 0 = -3*w - 2*u - 5. Let x = -1 + w. Suppose -3*b + 6 = -x*b. Calculate the greatest common factor of 22 and b.
2
Let a(g) = -g**2 - 20*g - 6. Let o be a(-12). Let l be 40/6*(-6)/(-4). Calculate the greatest common divisor of o and l.
10
Let j(s) = 5*s - 4. Let k be j(2). What is the greatest common factor of 9 and k?
3
Suppose -7*o - 468 = -19*o. Calculate the highest common factor of 156 and o.
39
Let w be (-102)/(-21) - 3/(-21). Suppose -44 = 3*p - w*p. Calculate the greatest common divisor of p and 22.
22
Let i(o) = -o**3 + 7*o**2 + 19*o - 6. Let w be i(9). Calculate the highest common factor of w and 24.
3
Let a be 75/6 + 2/4 - -3. What is the highest common divisor of a and 80?
16
Let d(o) = 3*o + 25. Let f be d(5). What is the greatest common factor of f and 60?
20
Suppose -6*l = -77 - 121. Calculate the greatest common factor of l and 77.
11
Let f be -2 + 4 - (-29 - 1). Let r be (f/(-24))/(1/(-3)). Calculate the greatest common divisor of r and 2.
2
Let i = -99 - -67. Let z be (-46 - -2)*72/i. Calculate the highest common divisor of z and 11.
11
Let l be (-3)/(-3)*(-81)/(-3). Calculate the greatest common factor of l and 18.
9
Suppose 5*k - 2206 = 1464. Suppose m = -m + k. Suppose m = 4*z + 5*w, -5*z + 0*z + 2*w + 500 = 0. Calculate the greatest common factor of 14 and z.
14
Let i be (42/8)/(1/(-16)). Let h = i + 134. Calculate the highest common factor of 10 and h.
10
Let f be (12/(-10))/(61/(-20) - -3). What is the highest common factor of 6 and f?
6
Suppose -3 = -g + 2*g. Let p be (2 + g)*(-25)/5. Calculate the greatest common factor of p and 40.
5
Let x = 26 + -4. Calculate the highest common divisor of 55 and x.
11
Suppose 0 = -3*p - 4*u + 3, -4*u + 1 = 2*p - u. Suppose -p = -4*x + 75. Calculate the greatest common factor of x and 50.
10
Suppose 6 = l - 6. What is the highest common divisor of l and 108?
12
Let u be (4/3)/((-1)/(-3)). Let g = -406 - -418. What is the greatest common divisor of g and u?
4
Suppose 1801 = 5*c + 611. Calculate the highest common factor of 34 and c.
34
Let j(k) = -k**3 + 10*k**2 + 11*k + 1. Let z be j(11). What is the highest common factor of 1 and z?
1
Suppose -4*y + 4*a = -12, -a - 2*a + 39 = 3*y. What is the greatest common factor of y and 2?
2
Let w(v) = -v**2 + 15*v - 9. Let x be w(6). What is the greatest common factor of 30 and x?
15
Let y = 107 + -27. Calculate the highest common divisor of y and 20.
20
Suppose -m + 5 = -12. Calculate the greatest common divisor of m and 17.
17
Suppose m - 14 = -m. Let x(q) = q + 5. Let d be x(-8). Let l be 7/(-2*d/18). What is the highest common divisor of l and m?
7
Let z = -23 + 67. What is the greatest common factor of 11 and z?
11
Let q be 3/(-6) + (-75)/(-6). Let y = 24 + q. What is the greatest common divisor of 12 and y?
12
Let a be 2/3 - (-21)/9. What is the highest common divisor of a and 12?
3
Let d be (15/(-25))/(1/(-5)). Suppose 0 = 2*u + 4*s - 6, -2*u - 4*s = d*u - 9. Calculate the greatest common factor of u and 1.
1
Let w be (-9 + 3)*2/4. Let l be 10/(3 - (-8)/w). Calculate the highest common divisor of 20 and l.
10
Suppose 10*d - 6*d - 108 = 0. What is the highest common factor of 9 and d?
9
Suppose -25 = -2*i - 3*i. Calculate the greatest common divisor of 55 and i.
5
Let c = -777 - -1107. Calculate the greatest common divisor of 66 and c.
66
Let f be 1*7/(14/4). What is the greatest common divisor of 2 and f?
2
Let z be 93/6*2*1. Suppose c = -2*d + z, 4*c = -4 + 16. Suppose -3*j + 1 = 3*n + 2*j, 3*n - 2*j = 8. What is the greatest common factor of d and n?
2
Suppose g = 2*g - 8. Suppose -9*x = -g*x - 18. What is the highest common factor of 72 and x?
18
Let l = 1426 - 931. Suppose -2*h + l = 3*h - 2*b, 0 = 5*b. Calculate the highest common divisor of h and 11.
11
Let c(i) = -i**2 - 10*i - 5. Let f be c(-7). Calculate the greatest common factor of 2 and f.
2
Let z(j) = -6*j - 5. Let a be z(-6). Let k = -14 + a. Suppose 0 = -2*t + 340 - 0. Calculate the greatest common factor of k and t.
17
Let r be (122/(-10) - 1)/(12/(-160)). Calculate the highest common divisor of 22 and r.
22
Let y be (-7)/14*10 - -11. Let w = -15 + 21. Suppose w*x - 126 = 3*x. What is the greatest common factor of y and x?
6
Let h(a) = 2*a**3 - a**2 - 5*a + 8. Let p be h(5). What is the highest common factor of 26 and p?
26
Suppose 0 = -4*l - z - 12 - 1, 2*z = -3*l - 16. Let r(o) = 3*o**2 + 4*o + 3. Let s be r(l). Calculate the greatest common divisor of s and 49.
7
Suppose 3*p + p = 8, -2*k + p = -18. Let z = -6 + k. Suppose 4*l - z*h = 484, -2*h - 2*h = -l + 121. What is the greatest common factor of 11 and l?
11
Let s(l) = l**3 - 5*l**2 + 7*l - 6. Let g be s(4). Suppose -4*d = -n - 58, 5*d = -3*n + g*n + 76. What is the highest common factor of 14 and d?
14
Let o be ((-32)/(-5))/(5/25). Suppose -28 = -5*l - g, 2*l + o = 6*l - 4*g. Suppose -k + 1 = -14. Calculate the greatest common divisor of k and l.
3
Let n be -1*2*(-3)/2. Suppose 2*x = 6*x - 84. Calculate the greatest common factor of x and n.
3
Suppose 2*l - 2*g - 12 = 8, -2*l + 5*g + 35 = 0. Suppose w - 17 = -2*o, 2*w + 4*o = w + 9. What is the highest common factor of l and w?
5
Let f(c) = -c**2 - 8*c + 8. Let p be f(-7). What is the highest common factor of p and 5?
5
Suppose 3*b + 2*b = -20. Let y(w) = w**3 + 5*w**2 - 1. Let u be y(b). Let f(n) = n + 4. Let p be f(11). Calculate the highest common divisor of u and p.
15
Suppose -z + 2*u = -9, 1 = -3*z - 2*u + 28. Suppose 0 = -0*o + 3*o + 5*j - 52, 3*o + j = 32. What is the highest common divisor of z and o?
9
Let r be -8 - -4 - 6*-1. Calculate the greatest common divisor of 5 and r.
1
Let h be (2 + -3)/(-2)*0. Suppose h = -3*v - 0*v + 3. Suppose -2 -